30?
0
What is the tens digit of 1447904?
0
What is the units digit of 2461428?
8
What is the thousands digit of 18052257?
2
What is the hundreds digit of 28565378?
3
What is the ten thousands digit of 5197747?
9
What is the hundred thousands digit of 19339298?
3
What is the tens digit of 420763?
6
What is the hundreds digit of 388325?
3
What is the ten millions digit of 14379271?
1
What is the tens digit of 4957051?
5
What is the hundred thousands digit of 773413?
7
What is the ten thousands digit of 2790367?
9
What is the hundreds digit of 1406741?
7
What is the ten thousands digit of 875803?
7
What is the thousands digit of 869916?
9
What is the ten thousands digit of 131780?
3
What is the hundred thousands digit of 174144?
1
What is the thousands digit of 89755?
9
What is the hundred thousands digit of 12613988?
6
What is the ten thousands digit of 246072?
4
What is the ten thousands digit of 329592?
2
What is the hundred thousands digit of 1114009?
1
What is the units digit of 4926424?
4
What is the units digit of 307347?
7
What is the units digit of 13797194?
4
What is the ten thousands digit of 180748?
8
What is the hundreds digit of 315961?
9
What is the hundreds digit of 659920?
9
What is the thousands digit of 7016542?
6
What is the ten thousands digit of 516291?
1
What is the thousands digit of 6553832?
3
What is the tens digit of 107684?
8
What is the ten thousands digit of 509980?
0
What is the tens digit of 14567549?
4
What is the hundred thousands digit of 705597?
7
What is the ten thousands digit of 181977?
8
What is the thousands digit of 172295?
2
What is the ten thousands digit of 4208325?
0
What is the hundred thousands digit of 343533?
3
What is the ten thousands digit of 66022?
6
What is the hundreds digit of 288678?
6
What is the ten millions digit of 12244590?
1
What is the thousands digit of 591825?
1
What is the thousands digit of 2063800?
3
What is the hundreds digit of 439466?
4
What is the thousands digit of 99283?
9
What is the units digit of 16256268?
8
What is the hundred thousands digit of 12504307?
5
What is the tens digit of 2173039?
3
What is the thousands digit of 3046645?
6
What is the thousands digit of 1080029?
0
What is the hundreds digit of 153317?
3
What is the thousands digit of 36254930?
4
What is the thousands digit of 39397101?
7
What is the thousands digit of 166831?
6
What is the millions digit of 7133386?
7
What is the hundreds digit of 27347896?
8
What is the hundred thousands digit of 2020233?
0
What is the ten thousands digit of 7674673?
7
What is the millions digit of 2005761?
2
What is the thousands digit of 2016008?
6
What is the millions digit of 4166065?
4
What is the millions digit of 11462766?
1
What is the hundreds digit of 6362288?
2
What is the thousands digit of 25211333?
1
What is the hundreds digit of 1755236?
2
What is the hundred thousands digit of 11026992?
0
What is the hundreds digit of 95976?
9
What is the hundred thousands digit of 853386?
8
What is the thousands digit of 185791?
5
What is the ten thousands digit of 930257?
3
What is the tens digit of 471920?
2
What is the ten millions digit of 16134543?
1
What is the tens digit of 32598277?
7
What is the hundreds digit of 138533?
5
What is the hundred thousands digit of 278234?
2
What is the units digit of 883479?
9
What is the hundreds digit of 55130?
1
What is the tens digit of 8747?
4
What is the hundred thousands digit of 1064558?
0
What is the ten thousands digit of 523225?
2
What is the thousands digit of 6954797?
4
What is the hundreds digit of 13768181?
1
What is the thousands digit of 1995149?
5
What is the ten thousands digit of 10244683?
4
What is the hundreds digit of 442630?
6
What is the hundreds digit of 4833098?
0
What is the hundred thousands digit of 2550599?
5
What is the tens digit of 605970?
7
What is the units digit of 8412?
2
What is the thousands digit of 46181?
6
What is the thousands digit of 81480?
1
What is the hundreds digit of 173703?
7
What is the thousands digit of 122718?
2
What is the units digit of 223856?
6
What is the thousands digit of 1471802?
1
What is the hundred thousands digit of 190644?
1
What is the hundreds digit of 4192954?
9
What is the millions digit of 1348042?
1
What is the ten thousands digit of 4366862?
6
What is the hundreds digit of 2959515?
5
What is the units digit of 31769078?
8
What is the hundreds digit of 544488?
4
What is the units digit of 241134?
4
What is the hundreds digit of 24083048?
0
What is the hundred thousands digit of 1348532?
3
What is the units digit of 1299069?
9
What is the units digit of 883520?
0
What is the units digit of 740315?
5
What is the ten thousands digit of 2544630?
4
What is the hundred thousands digit of 24726967?
7
What is the thousands digit of 1660685?
0
What is the ten thousands digit of 211324?
1
What is the ten thousands digit of 36114?
3
What is the ten thousands digit of 24550490?
5
What is the hundreds digit of 339524?
5
What is the hundreds digit of 8577458?
4
What is the units digit of 277655?
5
What is the units digit of 451093?
3
What is the thousands digit of 919203?
9
What is the hundred thousands digit of 4437212?
4
What is the tens digit of 512783?
8
What is the units digit of 272085?
5
What is the tens digit of 4480151?
5
What is the units digit of 6421455?
5
What is the thousands digit of 794341?
4
What is the thousands digit of 88597?
8
What is the tens digit of 139298?
9
What is the hundreds digit of 196507?
5
What is the thousands digit of 673782?
3
What is the hundred thousands digit of 716257?
7
What is the hundred thousands digit of 7842944?
8
What is the thousands digit of 2090491?
0
What is the hundred thousands digit of 589942?
5
What is the units digit of 6524965?
5
What is the tens digit of 24795652?
5
What is the units digit of 46907?
7
What is the tens digit of 1244573?
7
What is the thousands digit of 1365744?
5
What is the ten thousands digit of 1353660?
5
What is the units digit of 3034515?
5
What is the hundred thousands digit of 670575?
6
What is the units digit of 4541563?
3
What is the millions digit of 7156212?
7
What is the tens digit of 133543?
4
What is the hundred thousands digit of 2177785?
1
What is the ten thousands digit of 24575?
2
What is the tens digit of 2847530?
3
What is the units digit of 16098936?
6
What is the ten thousands digit of 28619?
2
What is the tens digit of 8437781?
8
What is the hundred thousands digit of 4489737?
4
What is the millions digit of 15840787?
5
What is the tens digit of 362766?
6
What is the tens digit of 455977?
7
What is the tens digit of 247413?
1
What is the ten thousands digit of 1612914?
1
What is the tens digit of 9809336?
3
What is the tens digit of 5133116?
1
What is the hundred thousands digit of 1167257?
1
What is the tens digit of 1239375?
7
What is the hundreds digit of 7119457?
4
What is the tens digit of 171307?
0
What is the hundreds digit of 421937?
9
What is the millions digit of 7357105?
7
What is the thousands digit of 774669?
4
What is the hundred thousands digit of 897643?
8
What is the millions digit of 6923362?
6
What is the hundreds digit of 3279550?
5
What is the thousands digit of 804079?
4
What is the thousands digit of 144062?
4
What is the tens digit of 3871892?
9
What is the units digit of 159707?
7
What is the ten thousands digit of 6685135?
8
What is the ten thousands digit of 915640?
1
What is the hundred thousands digit of 7389065?
3
What is the thousands digit of 169281?
9
What is the hundred thousands digit of 259877?
2
What is the units digit of 1919?
9
What is the thousands digit of 348386?
8
What is the thousands digit of 21164507?
4
What is the ten thousands digit of 769846?
6
What is the units digit of 2616105?
5
What is the hundreds digit of 384406?
4
What is the tens digit of 146901?
0
What is the units digit of 962221?
1
What is the units digit of 911970?
0
What is the units digit of 351824?
4
What is the tens digit of 196320?
2
What is the units digit of 1100094?
4
What is the millions digit of 18326719?
8
What is the hundred thousands digit of 1990204?
9
What is the hundred thousands digit of 1111945?
1
What is the units digit of 609771?
1
What is the thousands digit of 1001695?
1
What is the hundreds